he greatest common divisor of b and 639?
9
Suppose 12 = 3*q, -30472 = -3*a - 176*q + 178*q. What is the greatest common factor of 160 and a?
80
Suppose 4*r = -5*h + 783, 2*h - 198 - 108 = 2*r. Suppose -h = -u + 53. Suppose 3*s + u = 11*s. Calculate the highest common divisor of 208 and s.
26
Let r be (-10)/(-105) - 58466/(-861). Calculate the highest common divisor of r and 2924.
68
Let v be 940/78 + (-3177)/351 + 9. What is the highest common divisor of 51 and v?
3
Suppose -f - 254 = -10*f + 16. Calculate the greatest common divisor of 9840 and f.
30
Let y = -1978 + 1986. What is the highest common divisor of 472 and y?
8
Let t = -18 - -17. Let x be (-1 + 0)*t/(0 - -1). Let s be (1/x + -7)*(-6)/18. Calculate the highest common factor of s and 4.
2
Suppose 2*d = 21 - 13. Let w(r) = r**3 - 5*r**2 + 4*r + 5. Let j be w(d). Suppose j = 2*p - 3. What is the highest common divisor of 4 and p?
4
Let b = -239 + 99. Let k(v) = 10*v + 8. Let a be k(-6). Let r = a - b. What is the highest common factor of 11 and r?
11
Suppose 10 = 3*o - 8*s + 9*s, -s - 20 = -3*o. Suppose 2*n = 5*k - 564, -4*k = 7*n - o*n - 444. What is the greatest common factor of 32 and k?
16
Let w be (-3 - -3)/3 + 5. Suppose 5*i - 504 = -3*a, -a = -w*i + 398 + 94. Suppose -671 + 11 = -20*n. Calculate the greatest common divisor of i and n.
33
Let u(f) = -4*f**2 - 475*f + 851. Let s be u(-115). What is the highest common factor of 192 and s?
16
Suppose 4*j = 2*h + 3350, 9 = 2*h + 15. Let g = 938 - j. Calculate the highest common factor of 187 and g.
17
Suppose 41*y - 42*y + 87 = 0. Suppose -15*i + 12*i + y = 0. Suppose 5*v - 313 = -5*x + 837, 4*v = 5*x - 1168. Calculate the greatest common factor of i and x.
29
Let k(l) = 2*l**2 + 92*l - 55. Let q be k(-47). What is the highest common divisor of 10452 and q?
39
Let r(g) = 4*g**2 - 20*g + 6. Let h be r(5). Let n(y) = -20*y + 3 - 8*y + 18*y + h. Let v be n(-2). Calculate the highest common divisor of 29 and v.
29
Let f be (99/66)/(1/2). Suppose -5 = f*j - 5*w, -4*j - 2 = -3*w - 10. What is the greatest common factor of j and 185?
5
Suppose -5*g - r + 9 = 0, 4*g = -4*r - 0*r + 20. Let t be g - 4 - (-39 + -9). Suppose -3*v = 2*v - 450. Calculate the greatest common divisor of t and v.
45
Let r(f) = 18*f**2 + 4*f + 5. Let c be r(5). Suppose -m - 80 = -3*h, -5*h + 105 = -4*m + 8*m. Calculate the greatest common factor of h and c.
25
Let r = -2032 - -7719. What is the highest common factor of r and 121?
121
Suppose s = -n - 2, 4*s + 7 = n + 4. Let o be (-84)/n - (-11 + 5). What is the highest common factor of o and 18?
18
Suppose 3*d + 5*t - 105 = -48, 3*d + 4*t = 57. Let a be 2/10 + 664/5. Let u = -76 + a. What is the greatest common divisor of d and u?
19
Let k = -14 + 14. Suppose 3*t - 3*r - 36 = k, 24 + 12 = 3*t - r. Suppose -13*z + 16 = -101. What is the highest common divisor of t and z?
3
Suppose 22 + 42 = 4*q. Suppose -3*b - 4*o + 712 = b, 0 = -b + 2*o + 172. Let g = b - 168. Calculate the highest common factor of g and q.
8
Suppose 8*s - 112 = -w + 3*s, -5*w - 4*s = -455. Let h = -6651 - -6654. What is the greatest common divisor of w and h?
3
Let b(j) = -j**2 + 155*j - 2640. Let k be b(106). Calculate the highest common divisor of k and 2.
2
Let m(c) = 3*c**3 - 12*c**2 - 6*c + 51. Let p be m(9). Calculate the highest common factor of 60 and p.
12
Suppose -3*j + 5 = 4*r, -j - 2 - 3 = -2*r. Suppose 5*t - y = 78, -252*t + 256*t - 3*y - 58 = 0. What is the greatest common divisor of r and t?
2
Let o be (-30)/34 + 1 + 2574/663. Suppose -p - 86 = -4*q - 17, 0 = -o*p - 4. What is the highest common factor of 136 and q?
17
Let x = -11 - -20. Suppose -5*y + 2*i = -1066, -5*y = -6*i + 5*i - 1068. Let t = y + -205. Calculate the greatest common divisor of t and x.
9
Let g = 382 + 14. Let v = 504 - g. Calculate the highest common factor of v and 162.
54
Suppose -13*z + 16*z = 219. Suppose -19 + z = 3*h. Suppose -1 - 5 = -r. What is the highest common divisor of h and r?
6
Let p be (-9295)/(-35) - (1 + (-15)/35). What is the highest common divisor of 40 and p?
5
Let g be 787020/(-234)*(-6)/4. What is the highest common factor of 5 and g?
5
Let n(q) be the second derivative of 43*q**3/6 - 6*q**2 - 3*q + 11. Let t be n(2). Calculate the highest common factor of 37 and t.
37
Suppose 0 = 3*c + 15, 2*c = 3*f - 3*c - 130. Let m = f + -37. Let r be (36/10)/(0 + m/(-30)). Calculate the greatest common divisor of r and 27.
27
Let m be 58/2 - (12 - 9). Suppose -4*n = -2*p - 1254, 3*p - 2493 = -8*n + 2*p. What is the highest common factor of m and n?
26
Let s be (4509/(-54))/(45/(-18)*(-2)/(-70)). What is the highest common factor of 21 and s?
7
Suppose 5*t + 5*f = 96 + 3564, -5*t + 5*f + 3700 = 0. Calculate the greatest common factor of 23 and t.
23
Let h = 464 - -22. Suppose 0 = -45*c + 42*c + h. Calculate the greatest common factor of 18 and c.
18
Suppose 3*x = -314 - 181. Let r be ((-1)/2)/(3 + x/54). Let g = r + 9. Calculate the greatest common factor of g and 54.
18
Let u be (-9)/(-3) + -1*(15 + 0). Let x be 274/6 + -1*16/u. Suppose -767 = -2*b + 4*n + 87, -2*n - 1273 = -3*b. Calculate the highest common divisor of b and x.
47
Let t = -1627 + 2748. Suppose -285 - t = -38*a. Suppose -1221 = -j - 2*j. What is the greatest common divisor of j and a?
37
Let t = -11 - -22. Let h be ((-128)/(-5))/((-72)/180). Let r = -63 - h. What is the greatest common factor of r and t?
1
Suppose -2 = -3*y - 2. Suppose 3*f = -y*f + 18. Suppose -3*c = -f*c + 78. What is the greatest common factor of c and 208?
26
Let x(z) = -z**3 - 55*z**2 + 13*z - 787. Let l be x(-57). What is the highest common factor of 5 and l?
5
Suppose 23*l - 20*l - 5*y = 8, -2*l + 2*y + 8 = 0. Suppose 73 = -l*g + 247. Calculate the greatest common divisor of 29 and g.
29
Let o(a) = 222*a + 6459. Let h be o(-27). What is the greatest common divisor of h and 3565?
155
Let j be (2 - -21) + (118 - 51). Let a(g) be the first derivative of g**3/3 + 3*g**2/2 + 6*g + 1. Let l be a(-4). What is the highest common divisor of j and l?
10
Suppose 0 = 54461*w - 54451*w - 27170. Calculate the highest common factor of 1144 and w.
143
Let a = -22 + 28. Let d be (5 - 0)*a/15. Suppose 4*z - 22 = -d. Calculate the greatest common divisor of z and 20.
5
Suppose -371*b + 1472168 = -366777 - 1427710. Calculate the greatest common factor of b and 15.
15
Suppose -1107326 - 616162 = -312*j. Calculate the highest common divisor of j and 12.
4
Suppose -6*a = 26 - 56. Suppose 517 = 4*h + a*g, 0 = h - 0*g + 4*g - 132. Let i be 6/2 + 39/3. What is the highest common divisor of h and i?
16
Let t = -252 - -452. Calculate the greatest common divisor of t and 1100.
100
Let v(h) = -158*h + 200. Let x be v(1). Calculate the greatest common factor of x and 96.
6
Let q be -1*26*117/(-26). What is the greatest common divisor of 63 and q?
9
Let a = 355 + -154. Let t be 41 + -24 - 35 - -24. Calculate the greatest common factor of t and a.
3
Let z be 132*(3 + (54/(-8))/1). Let h be (z/12)/(-11)*24. Calculate the highest common divisor of 10 and h.
10
Let v = 128 + -11. Let w be (-136)/(-48) + 1/6. Suppose 7*p - 4*p + 5*l - 92 = 0, w*l = -15. What is the highest common factor of p and v?
39
Let j be (6/(-1 - -4))/((-31)/(-1085)). What is the greatest common divisor of 405 and j?
5
Let s(k) = 2*k**3 - 21*k**2 - 15*k + 768. Let g be s(15). Calculate the greatest common factor of 12 and g.
12
Suppose 15*i - 1 = 44. Suppose 4*j = -i*u + 828, -2*u - 2*j + 557 = -j. Calculate the greatest common divisor of 112 and u.
56
Suppose 192*q + 1128 = 3624. What is the greatest common divisor of 6669 and q?
13
Let q(j) = -j**2 + 30*j + 9. Let x be q(24). Let h be x/12 + 1 + (-9)/12. Calculate the highest common factor of h and 221.
13
Suppose -g = 3*b - 634, g + 7*b = 10*b + 598. What is the highest common factor of 143 and g?
11
Let x be 2/(-3) - 17/(-3). Suppose 5*s - 48 = 4*a, s + 3*a = x*a + 12. Suppose 0 = -s*i + 51 - 3. What is the greatest common divisor of i and 6?
6
Suppose -25*y - 15*y + 188320 = 0. Calculate the highest common factor of y and 44.
44
Let u = 108 + -69. Let q = 51 - 127. Let r = q - -102. What is the greatest common factor of r and u?
13
Let s(q) = -q**2 - 17*q - 44. Let d be s(-3). Let a be 52 - (d - -3) - -4. What is the 